 -i**2 + 7*i + 8. Let q(j) = -2*j**2 + 13*j + 16. Let c(b) = -5*p(b) + 2*q(b). Give c(10).
2
Let a(b) be the first derivative of -b**3/3 + 9*b**2/2 - 10*b + 5. Let k(s) = 4*s**2 + 23*s + 1. Let f be k(-6). What is a(f)?
4
Let s = -83 - -88. Let w(v) = -s*v + 16 + 7 - 21. Determine w(3).
-13
Let j(i) = -6*i - 7*i**2 - 13 + 6*i**2 + 16 + 0*i**2. Calculate j(-3).
12
Let t(z) = -2*z - 2. Suppose 38*u = 32*u + 6. Give t(u).
-4
Let f(l) be the second derivative of l**3 - 7/12*l**4 + 1/20*l**5 + l**2 - 5 + l. Calculate f(6).
2
Let s(j) = -8*j**2 - 1. Let w(l) = 19*l. Let d be w(2). Let u = 39 - d. What is s(u)?
-9
Let l(d) = d**3 + d**2 + 5*d - 42. Let s be l(3). Let k(g) = g**3 - 8*g**2 - 9*g + 11. Determine k(s).
11
Let y(k) = -k**2 + 18*k - 12. Let s(d) = 2*d**2 + 140*d + 154. Let q be s(-69). Give y(q).
20
Let l(c) = 11*c + 3. Let g = -740 + 743. Determine l(g).
36
Let l(t) = 7*t - 3. Let m(b) = -29*b + 12. Let o(z) = z**3 - 3*z**2 + 5. Let k be o(4). Suppose 0 = -4*a + k + 15. Let h(w) = a*l(w) + 2*m(w). Calculate h(2).
7
Let n(u) = 4*u + 6. Let m(a) = -9*a - 13. Let q(b) = 3*m(b) + 7*n(b). Suppose 55 = -5*f - 4*j, 4*j = -f + 2*j - 17. What is q(f)?
-4
Let w = 1557 + -1561. Let g(u) be the first derivative of u**3/3 + 5*u**2/2 + 2*u + 1. What is g(w)?
-2
Let v(l) = 7*l**3 - 10*l**3 + 9*l**2 + 12 + 2*l**3. Determine v(9).
12
Suppose 0 = 3*s + 2 + 7. Let d be 5/2 - s/(-6). Let j(y) = y + 2 - d*y - 3. Determine j(-2).
1
Suppose -23*c = -14*c - 144. Let w(a) = -a**3 + 16*a**2 + a - 15. Calculate w(c).
1
Let n(j) = 9*j**2 + 5*j + 3. Let t(h) = -h**2 + 2*h + 1. Let y(s) = -n(s) + 2*t(s). Let u = -132 + 131. Give y(u).
-11
Let f(n) = -n**3 - 3*n + 1. Let u = 42 - 32. Suppose -2*x = a - 5*x + u, 10 = -3*a + 4*x. Calculate f(a).
-13
Let p(k) = -k**2 + 8*k - 18. Let h be p(5). Suppose -j - 2*j = -9. Let t(z) = -z**3 - 7*z - j*z**2 + 5*z + 1 + 0*z. What is t(h)?
7
Let g be -2*3/3 - -3. Let c(j) = -10*j - 10*j - g + 5*j. Give c(1).
-16
Let d(r) = -r**2 + 5*r - 4. Let m be d(5). Let p(j) = -27*j + 11. Let u(i) = 33*i - 12. Let z(f) = -6*p(f) - 5*u(f). What is z(m)?
6
Let y(r) = -2*r**2 + 2*r - 3. Suppose -6*d + 4*d = -6. Let n be y(d). Let a be (-1)/((-3)/n - 0). Let f(c) = c**3 + 4*c**2 - 7*c - 3. Determine f(a).
7
Let p(q) = -17*q + 3. Let s = -2 + 7. Let o(j) be the third derivative of 3*j**4/8 - j**3/3 - 11*j**2 + 3*j. Let t(g) = s*o(g) + 3*p(g). Give t(-1).
5
Suppose -4*m + 12 - 28 = 0. Let z(d) = -d**3 - 4*d**2 - 3*d - 9. Calculate z(m).
3
Let z(h) = h**2 - 6*h - 2. Let d be z(7). Let o(a) = 2 - 3 - 3*a + d*a. Calculate o(-4).
-9
Let r(q) = q + 1. Suppose 4*t + 3*y + 4 = 5, -5*t - 4*y = 0. Let d(c) = 3*c + 4. Let f(w) = t*r(w) - d(w). Calculate f(-2).
-2
Let g(j) be the third derivative of -j**5/20 - j**4/8 + j**3/3 - 20*j**2. Let p(x) = -5*x**2 - 6*x + 5. Let o(a) = -7*g(a) + 4*p(a). Give o(4).
10
Let f(y) be the first derivative of 2*y**3/3 + 76. Determine f(-2).
8
Let o be (-1*4)/((-26)/(-104)). Let r(l) = -l**3 - 15*l**2 + 18*l + 20. Calculate r(o).
-12
Let o(w) be the third derivative of -w**4/8 - 14*w**3/3 + 518*w**2. Give o(-15).
17
Let h(a) = -2*a - 7. Let q(m) = -m + 6. Let t be q(8). Let l = 4 + -6. Let k be t*4 - (-1 + l). Determine h(k).
3
Let k(m) = -4*m + 5. Suppose 5*g + 0 = 5. Let w(p) = p - 1. Let z(l) = g*k(l) + 3*w(l). Give z(-5).
7
Let s(m) = m**3 - m**2 + 1. Let l(g) = 5*g**3 - 6*g**2 - 4*g + 6. Let p(k) = -l(k) + 4*s(k). Suppose 8*o - 3 = 7*o. Calculate p(o).
1
Let m(r) = -r**2 + 5*r + 1. Suppose -12*q - 74 = -134. What is m(q)?
1
Let o(t) be the third derivative of t**4/24 - 2*t**3 + 32*t**2. Determine o(13).
1
Let i(t) = t**2 - 8*t + 7. Let k(a) = 2*a**2 - 15*a + 13. Let d(b) = -5*i(b) + 3*k(b). Let w = 1557 + -1550. Determine d(w).
18
Let f(l) = 7*l - 2. Let h(d) = -21*d + 6. Let b(k) = 8*f(k) + 3*h(k). Let s(u) = -36*u - 3026. Let w be s(-84). Determine b(w).
16
Let b = -192 - -187. Let u(o) = o**2 + 9*o + 10. Determine u(b).
-10
Let j(v) = 7 + 2 + 3*v - 27. Give j(8).
6
Let z(d) = -d**3 + d**2 + 3*d - 2. Let f = -42 + 60. Suppose f = 6*w - 0. Calculate z(w).
-11
Let n(v) = 2*v**2 + 12 + 4*v**2 - 2*v**2 - v - 10. Let b be n(1). Let i be 10/(-25) - (-27)/b. Let g(x) = x**3 - 5*x**2 + x - 6. Give g(i).
-1
Let u(a) = -a - 5. Let c(h) = -h - 9. Let l(o) = -6*c(o) + 11*u(o). Let w(m) = -20*m - 5. Let q(g) = -9*l(g) + 2*w(g). Give q(-1).
-6
Let x(g) = -8*g - 10 - 14*g + 21*g - 1. Let t(n) = -2*n + 6. Let k be t(5). Let w = 4 + k. Calculate x(w).
-11
Let o(p) be the third derivative of -p**6/120 + p**5/12 - p**4/12 - 5*p**3/6 + 2*p**2. Let s = -60 + 64. Suppose 2*x - 4 = s. What is o(x)?
3
Let c = 49 - 44. Suppose 3*a - 6 = -0*a - 2*x, -4*x = -c*a - 12. Let h(f) = f**2 - f - 4. What is h(a)?
-4
Let k(d) = d**3 + 6*d**2 + 6*d + 7. Let q be 6/8 + (-184)/32. Let n(c) = c**2 - 4*c - 50. Let f be n(q). Give k(f).
2
Let a(y) be the first derivative of y**2 + 4*y - 1. Let q = -33 + 37. Suppose 0 = -q*f + 5*r, 3*f = 3*r - 6*r - 27. Give a(f).
-6
Suppose 5*w + o = 38, 3*w + 4*o - 17 = -1. Suppose -7*l + w = -3*l. Let s(f) = f**3 - 2*f**2 - f + 2. Determine s(l).
0
Let l(j) = -18*j**2 + 10*j. Let k(m) = -10*m**2 + 6*m. Let q(a) = 7*k(a) - 4*l(a). Determine q(1).
4
Let i(d) be the second derivative of -d**5/20 - d**4/4 + 5*d**3/6 + 3*d**2/2 - 2*d - 267. Let t(o) = o**3 - 4*o**2 - 5*o - 4. Let n be t(5). Determine i(n).
-1
Let h(n) = -2*n**2. Let b(f) = 15*f**2 + 2. Let z(q) = -b(q) - 6*h(q). Suppose 3*l - 8 = 7*l. Determine z(l).
-14
Suppose 5*w + 20*k - 16*k - 2 = 0, 2*w + 4*k = 8. Let p(h) = h**2 - 7*h - 5. Calculate p(w).
13
Let d(b) = b + 14. Let x be 8/(-16) - (-19)/2. Let k(n) = n**2 + x*n + 1 + 2 + 9. Let m be k(-6). Give d(m).
8
Let v(t) = -6*t**2 - 4*t + 22. Let q(w) = -3*w**2 - 2*w + 10. Let m(s) = -13*q(s) + 6*v(s). What is m(-3)?
23
Let p(m) = -m**3 + 4*m**2 + 10*m + 5. Let y be p(6). Let h = y + 0. Let u(o) = o**2 + 6*o + 4. Give u(h).
11
Let r(l) = l**2 + 3*l - 1. Suppose -2*t = 5*d + 40 - 16, -2*t + 4*d = -12. What is r(t)?
-3
Let o(q) = -36*q**2 + 3*q - 1. Let w(h) = -29*h**2 + 4*h - 2. Let t(x) = 4*o(x) - 5*w(x). Suppose -4*a = 2*v - 0*a - 28, 5*v + a = 34. Determine t(v).
-6
Let a(t) = -29*t**3 + 10*t**2 - 3. Let q(s) = 10*s**3 - 3*s**2 + 1. Let j(z) = 2*a(z) + 7*q(z). Let r be -2 - 9/12*-4. Give j(r).
12
Let s be (90/(-4))/((-5)/120). Let x(k) = s - 540 - 4*k. Give x(-2).
8
Let l = -5 - -8. Let t(h) = -2*h - l*h - h + h. Let r be -2*(4/(-8) + 0). Give t(r).
-5
Let z = -94 - -133. Let k = -47 - -86. Let d(w) = z - k - w + w**2. What is d(1)?
0
Suppose 40 = -21*v + 16*v. Let z(c) = -c**2 - 9*c - 13. Let i be z(v). Let r(g) = -2*g**2 - 2 - 2*g**2 - 6*g + 3*g**2. Determine r(i).
3
Let m(w) = w + 2. Let t be m(-2). Let x be t + (1 - -1)*1. Let y(b) = -3*b - 1. Let p(k) = 5*k + 2. Let o(f) = -2*p(f) - 3*y(f). What is o(x)?
-3
Let r(k) = -k**2 - 6*k + 12. Let n(x) = x**2 - 6*x - 4. Let p be n(5). Let a be r(p). Let b = -11 - a. Let m(q) = q**3 - 4*q**2 - q + 1. Calculate m(b).
-3
Let c(s) = -11*s + 10. Let w(i) = -21*i + 18. Let l(a) = 7*c(a) - 4*w(a). Calculate l(-1).
-9
Let q(j) = 4*j**3 + j - 1. Let o(z) = z**3 - 4*z**2 + 6*z - 8. Let b be o(3). Determine q(b).
4
Let y(x) be the first derivative of 3*x**2 - 3*x - 10. Let o(q) = -5*q + 3. Let c(j) = 5*o(j) + 4*y(j). What is c(4)?
-1
Let b(l) = -l**2 - l - 10. Let v(p) = -2*p**2 - 2*p - 23. Let f(a) = 9*b(a) - 4*v(a). Give f(3).
-10
Let x be (4/(-8))/((-1)/6) + 0. Suppose s = -2*s + 21. Let y(p) = 2*p**2 - 2*p + 7. Let j(b) = -5*b**2 + 4*b - 15. Let k(g) = s*y(g) + x*j(g). Determine k(-4).
-4
Let z(i) = i - 2. Let x be z(4). Let a(r) = -r + 5. Let q be a(3). Let p(t) = 3*t + t**q - 7 - 4*t - 2*t - x*t. What is p(7)?
7
Suppose -9*c - 40 + 13 = 0. Let j(l) = 7*l - 6*l - 4*l + 3. Give j(c).
12
Let q(o) = 2*o**3 - o**2 - 4*o + 3. Let y = 13 + -17. Let t = y - -4. Suppose 3*f + 3*i - 15 = -t*i, 3*f + 6 = 4*i. Determine q(f).
7
Let s(l) = -3*l + 5*l - 1 + 4*l. Suppose 0*f - 4 = -5*z - 3*f, z + 5*f = -8. Let n be (-91)/39 - z/(-6). Determine s(n).
-13
Let u(z) = -314*z + 6*z**2 - 6 + z**3 + 305*z - 3. Determine u(-7).
5
Let d(i) be the second derivative of 0 - 1/3*i**3 - 1/2*i**2 - 49*i. What is d(-1)?
1
Let c(i) be the first derivative of 4*i**2 - i + 20. Let p be 2 + -2 + 2 + -4. D